*p + r - 11 = 0, -5*r = -5 - 10. Let o be k(p). Suppose o = 7*q - 14*q - 70. Let j(h) = -h**2 - 10*h - 1. Determine j(q).
-1
Suppose 199 = 7*w + 864. Let s = -95 - w. Let r(y) = y**3 - y**2 + 3. Determine r(s).
3
Let g(d) be the third derivative of d**6/120 - 3*d**5/20 + 2*d**3/3 - 101*d**2 - 8*d. What is g(9)?
4
Suppose 58*n = 585*n + 2768 - 6984. Let p(f) = f**3 - 11*f**2 + 9*f - 16. Calculate p(n).
-136
Let z(c) be the second derivative of c**5/20 + 2*c**4/3 - 4*c**3/3 - 9*c**2/2 - 17*c - 5. Suppose -3*v = -3 + 30. What is z(v)?
-18
Let c(z) = 6*z**3 + z**2 - 1. Let p(y) = -y**2 + 3*y - 1. Let g be (25/10)/(15/36). Suppose 5*u - 2*l - 10 = -7*l, 3*u + 2*l = g. Let w be p(u). Determine c(w).
6
Suppose 4*w - 144 = 2*y + 7*w, w = 2*y + 160. Let d = 83 + y. Let a(z) = z - 2. Let m(s) = -3*s + 5. Let c(b) = d*a(b) + 2*m(b). What is c(0)?
0
Let v(h) = -h**3 + 4*h**2 - 3*h + 3. Let z(i) = -2*i**2 + 66*i - 59. Let p be z(32). Suppose p*f - 202 = -182. Calculate v(f).
-9
Let p(j) = -16*j**3 - 2*j**2 + 4. Let t(r) = -1607*r - 3216. Let n be t(-2). Give p(n).
124
Let u(k) = 5*k - 1 + 3*k**3 - 5*k. Let m be 9/(-3)*(7 + 123/(-18))*2. Determine u(m).
-4
Suppose 29*d - 24*d - x - 25 = 0, 3*x + 5 = d. Let t(u) = 2*u**2 - 4*u + 7. What is t(d)?
37
Let i(m) = m**3 + 16*m**2 - m + 11. Let o = -7469 + 7453. Calculate i(o).
27
Suppose 262 = 96*v - 122. Let u(n) = -n**3 + 6*n**2 - 6*n + 14. Calculate u(v).
22
Let x(b) = -b**2 - 14*b - 16. Suppose 3*i - 16*t = -14*t - 19, 2*i + 5*t - 38 = 0. What is x(i)?
-3
Let d(u) = 41*u**2 - 6*u - 9. Let f(l) = -35*l**2 + 6*l + 8. Let t(a) = -6*d(a) - 7*f(a). Determine t(-2).
6
Let q = 98 - 67. Suppose -15*j - 29 = q. Let d(z) = -5*z - 12. Give d(j).
8
Let c(y) = 4*y + 16. Suppose -5*h - 39 = -4*l, -2*h + l + 13 = -4*h. Calculate c(h).
-12
Suppose v + 2*v + 15 = -3*n, 0 = n + 4*v + 20. Suppose -2*m + 2 - 6 = n. Let i(p) = 4*p - 2*p - 3*p - 2*p**3 + 0*p**3. Give i(m).
18
Let i(g) = -g**2 + g + 8. Let w be 2*3/(-4) + 341/22. Suppose -w = -12*y - 14. Give i(y).
8
Let d(s) = -27*s + 88*s - 17*s - 22*s - 11*s**3 - 23*s. Determine d(1).
-12
Let o(g) be the second derivative of -g**7/2520 - g**6/120 + g**5/20 - g**4/12 - g**3/3 + 32*g. Let q(b) be the third derivative of o(b). Calculate q(-5).
11
Let i(u) = u**3 + u**2 + 2*u + 4. Suppose 232 = -7*o - 1154. Let j be o/(-27)*9/6. Suppose 4*v + j = 3*p, -3*p + 5*v - 3 + 19 = 0. Calculate i(p).
-20
Let f(t) = 86*t**2 - 128*t**2 + 4 + 4*t + 21*t**2 + 19*t**2. Calculate f(-1).
-2
Let n(r) = 119 - 153*r**2 - 56 + 8*r - 58 + 77*r**2 + 75*r**2. Let c = -7 - -16. Determine n(c).
-4
Suppose 0*l - 30 = 3*l. Let h = 44 + -39. Let d(r) = h + 18*r + 21*r - 38*r. Determine d(l).
-5
Let w(f) be the third derivative of f**5/4 + f**4/12 - 20697*f**2. Suppose -o - 2 = -1. Calculate w(o).
13
Let s(l) = -l**3 + 8*l**2 - 7*l - 7. Suppose -4*p + 187 = -45. Suppose -4*b + p = -2*b. Suppose -o + 15 - 3 = 5*z, -b = -4*o - z. What is s(o)?
-7
Suppose -t = t + 2*t. Suppose -i + 2*i + 6 = t. Let k(r) = r + 1. Determine k(i).
-5
Let c = 9 + -5. Let m = 5121 - 3363. Let v(y) = 5*y - c*y + m - 1764. Calculate v(0).
-6
Let h(a) be the third derivative of -a**6/120 - 13*a**5/30 + 13*a**4/12 - 11*a**3/3 + 1233*a**2. Give h(-27).
5
Let s(l) = -l**2 - 11*l - 26. Suppose -6 = 4*y - 30. Suppose y = -4*o - 26. Calculate s(o).
-2
Let v(o) = -o**3 - 5*o**2 + o + 13. Suppose 4*t - 9 - 10 = -35. Give v(t).
-7
Let o(x) = -2*x - 7. Let k be 88/6*(-9)/(-3). Let q = k + -50. Let v = q - 0. Determine o(v).
5
Let y be (-21)/(-7) + -7 - -41. Let d(t) = 5*t + 35*t**2 + 17 - y*t**2 - 17. Suppose -5*w = -17 - 3. What is d(w)?
-12
Let d(x) = -11*x**2 - 4*x - 4. Let p(y) = -10*y**2 - 4*y - 3. Let t(q) = -6*d(q) + 7*p(q). Give t(1).
-5
Let j(y) = y**2 - y - 3. Let l = 677 - 170. Suppose l - 171 = 8*z. Let q = -38 + z. Determine j(q).
9
Let v(z) = -z**2 - 8*z - 7. Let f be ((-94)/188 - ((-3)/2 - -2))*3. Determine v(f).
8
Let u(t) = t**2 - 6*t + 2. Let c = 105 - 102. Suppose c*k + 44 = -4. Let w be (-37)/(-7) + k/56. Calculate u(w).
-3
Let p(l) = -l**2 - 24*l - 74. Suppose -41*s - 600 = -11*s. Give p(s).
6
Let c(v) = 8*v - 438. Let f(t) = -4*t + 243. Let l(b) = -6*c(b) - 11*f(b). Determine l(-15).
15
Let t(g) = -g**2 + 35*g + 40. Let n be t(36). Let s(x) = 91*x - 92*x + n + 2. Calculate s(7).
-1
Let u(d) be the first derivative of d**6/120 + d**5/20 - d**4/6 + d**3/6 + 65*d**2/2 - 43. Let b(j) be the second derivative of u(j). Give b(-4).
1
Suppose 24*y + 670 = 622. Suppose -6 = 2*x - 16. Let j(r) = -3*r - 2 - 3*r - x*r**2 + 2*r. Give j(y).
-14
Let w(c) = 18*c**2 + c - 2. Let k be w(-2). Let d(m) = 2*m**3 - 35*m**2 + 140*m + 105. Let f be d(11). Let g(z) = -z + 134 - k - f. Determine g(-3).
-3
Let r(u) = 3 + 0*u + 3 - 4*u + 5*u. Let c(m) = -m - 20. Let w be (2 - 1/1)*(-120)/10. Let i be c(w). Determine r(i).
-2
Let g be 1 - 0 - 4*(-6 - -5). Let y(a) be the third derivative of 5*a**2 + 7/6*a**3 + 1/12*a**5 + 0*a + 0 - 1/120*a**6 - 1/24*a**4. What is y(g)?
2
Let o(h) = -h**3 - 4*h**2 + 7*h + 6. Let l = -367 + 48. Let m = l - -314. Give o(m).
-4
Let v(t) = -6*t + 2. Let o(s) = -s - 1. Let x = -44 + 48. Suppose -6 = x*g + 6. Let y(q) = g*o(q) - v(q). Determine y(1).
10
Let k = 3367 + -3367. Let b(w) = -w**3 + 6*w**2 - 3*w + 3. Give b(k).
3
Let d(n) = n**2 - n. Suppose 0 = 400*c - 399*c - 133. Let s = c + -138. What is d(s)?
30
Suppose 0 = -0*x + x, -4*f = f + 2*x - 60. Let k(o) = o**3 - 13*o**2 + 17*o - 9. Give k(f).
51
Let i(q) = -q**2 + 3*q - 1. Let j be (-4)/30 - 98*(-115)/150. Suppose 25*h = -0*h + j. Determine i(h).
-1
Suppose -4*i = 5*p - 15, 3 = p - 0*p + i. Let h(y) be the third derivative of 30*y + 0 + 5/24*y**4 + 4*y**2 - 1/60*y**5 - 1/2*y**3. Give h(p).
3
Suppose -2*t = -197*s + 199*s - 24, -6*s = 2*t - 68. Let v be 2/4 + 2/(-4). Let h(b) = 13 - b + 3 + v*b. What is h(s)?
5
Let r(m) = 15*m**2 + 25*m + 7. Let b(s) = 26*s**2 + 48*s + 14. Let y(x) = 3*b(x) - 5*r(x). Calculate y(-6).
1
Suppose 0 = -18*b - 1046 + 992. Let j(h) = -15*h - 10. Determine j(b).
35
Let m(t) = -2*t - 29. Let w(o) = -10*o - 146. Let v(l) = 11*m(l) - 2*w(l). Let x be v(-14). Let b be 40/(-20) - x/2*0. Let k(s) = -s. What is k(b)?
2
Let i(x) = x**3 - 6*x**2 + 2*x + 6. Let n(q) = 2*q**2 + 5*q - 225. Let z be n(-12). What is i(z)?
-15
Let y(o) = 2*o**2 - 3*o. Let c = 6 - -22. Let w be (11 + 19)/(-30) - (18 - 0). Let l be 5 + (w/7 - 8/c). Calculate y(l).
2
Let m be 6 - 98/21*(-18)/(-21). Let q(u) = -154 - 145 + u + 293 - m*u. Determine q(7).
-13
Let h(o) = o**2 - 25*o + 13. Let s(f) = -3*f + 1. Let a(z) = -2*h(z) + 22*s(z). Give a(-9).
-22
Let d(i) = -i - 5. Suppose 11*o = -305 + 250. Give d(o).
0
Let y(r) = -13*r - 4. Let o be y(-3). Let h = -1077 + 1080. Suppose b = -h*k - 2*b - 21, -5*k - o = -2*b. Let l(t) = t**2 + 7*t + 6. Calculate l(k).
6
Let f(k) = k. Let q(u) = u**2 - 13*u - 110. Let l(t) = 2*f(t) + q(t). Let z be l(-6). Let n(c) = -c**2 - 10*c + 3. Give n(z).
19
Let l(r) = 3*r + 2. Suppose -8 = -4*p - 4*j, -p = -0*j + 3*j. Suppose -7*n = -p*n + 20. What is l(n)?
-13
Let n(j) = -j**3 - 5*j**2 - 2*j. Suppose -5*f - 13*q = -14*q + 21, 2*q = -5*f - 33. What is n(f)?
10
Let n(o) = -95*o - 19 - o**2 + 31*o - 21 + 49*o. Give n(-12).
-4
Suppose -383*j + 5*c - 5 = -379*j, 0 = -3*j + 3*c. Let z(t) = -11*t + 60. What is z(j)?
5
Let a(w) = w**2 + 15*w - 454. Let u be a(15). Let z(v) = -v**3 - 2*v**2 + 4*v - 11. What is z(u)?
5
Let y = -134 - -137. Let c(x) = x**y + 3 - 40733*x + 40733*x - 6*x**2. Calculate c(6).
3
Let r(p) = -111*p**2 + 113*p**2 + 953*p + 34 - 967*p. What is r(5)?
14
Let r(s) be the second derivative of -5*s - 1/6*s**3 - 9 + s**2. Give r(2).
0
Let s = -319 + 318. Let o(w) be the second derivative of w**7/2520 + w**6/720 + w**4/4 + 9*w. Let a(l) be the third derivative of o(l). What is a(s)?
0
Let k(s) = -2*s**2 - 23*s - 43. Let i be k(-8). Let v(q) = -i + 2 + q**2 + 5 - 10*q + 1 - 3. Determine v(12).
16
Suppose 3*c - 2 + 6 = 2*s, 5*s - 10 = 5*c. Suppose 5*w + 5*p = 20, -5*w - 2*p = 21 - 41. Let g(v) = 23*v**2 + w - 7*v**2 - 14*v**s + v**3 - 1. Give g(-3).
-6
Let b(l) = l + 641456 + l**3 - 641512 - 2*l**3. What is b(0)?
-56
Suppose 4*v - 5*s = -4*s - 492, -3*v = 4*s + 388. Let f = v - -130. Let w(u) = -3*u + 10*u**3 + f*u**3 + 1 - 15*u**3. What is w(